te the highest common factor of 130 and 169.
13
Calculate the highest common divisor of 63 and 387.
9
What is the highest common divisor of 10 and 470?
10
What is the greatest common factor of 768 and 1416?
24
Calculate the greatest common factor of 120 and 9210.
30
Calculate the greatest common divisor of 12 and 324.
12
Calculate the greatest common factor of 3115 and 35.
35
What is the greatest common factor of 19 and 17233?
19
What is the greatest common divisor of 2325 and 186?
93
What is the highest common factor of 1988 and 28?
28
What is the greatest common divisor of 42 and 1414?
14
What is the greatest common divisor of 2992 and 408?
136
What is the highest common factor of 175 and 49?
7
Calculate the highest common divisor of 100 and 90.
10
Calculate the greatest common factor of 259 and 3071.
37
What is the greatest common divisor of 34 and 17?
17
Calculate the highest common divisor of 88 and 9064.
88
What is the highest common divisor of 7029 and 297?
99
What is the greatest common factor of 620 and 62?
62
What is the greatest common divisor of 19 and 152?
19
What is the highest common factor of 84 and 1536?
12
Calculate the greatest common factor of 3717 and 189.
63
What is the highest common divisor of 1679 and 73?
73
What is the greatest common factor of 14 and 406?
14
What is the highest common divisor of 384 and 12?
12
Calculate the greatest common factor of 31652 and 656.
164
Calculate the highest common factor of 217 and 124.
31
What is the highest common factor of 8653 and 85?
17
What is the greatest common factor of 585 and 45?
45
What is the greatest common factor of 7 and 329?
7
What is the greatest common divisor of 9 and 747?
9
What is the greatest common divisor of 285 and 4731?
57
Calculate the greatest common factor of 8 and 232.
8
What is the greatest common divisor of 28 and 287?
7
What is the highest common factor of 775 and 400?
25
Calculate the highest common divisor of 4379 and 58.
29
Calculate the greatest common factor of 510 and 9095.
85
Calculate the highest common divisor of 10036 and 193.
193
What is the highest common divisor of 132 and 36?
12
Calculate the highest common factor of 35 and 1645.
35
What is the greatest common divisor of 1919 and 38?
19
What is the highest common divisor of 68 and 7412?
68
What is the greatest common divisor of 22 and 80?
2
Calculate the greatest common factor of 5 and 11.
1
Calculate the highest common divisor of 3479 and 686.
49
What is the highest common factor of 55 and 715?
55
What is the greatest common divisor of 952 and 56?
56
What is the greatest common factor of 19 and 43?
1
Calculate the greatest common factor of 4301 and 92.
23
Calculate the greatest common divisor of 8757 and 504.
63
What is the highest common divisor of 32 and 8608?
32
Calculate the highest common factor of 9879 and 111.
111
Calculate the highest common divisor of 4 and 46.
2
What is the highest common divisor of 11324 and 76?
76
Calculate the greatest common factor of 6182 and 22.
22
What is the highest common factor of 624 and 39?
39
What is the greatest common factor of 10504 and 416?
104
Calculate the greatest common divisor of 112 and 518.
14
What is the highest common divisor of 576 and 72?
72
Calculate the greatest common divisor of 1189 and 29.
29
What is the greatest common divisor of 1285 and 3341?
257
Calculate the highest common divisor of 308 and 33.
11
Calculate the highest common factor of 19 and 2432.
19
Calculate the highest common divisor of 4 and 98.
2
Calculate the highest common divisor of 27565 and 555.
185
What is the highest common divisor of 91 and 169?
13
Calculate the highest common divisor of 336 and 4144.
112
What is the highest common factor of 84 and 25788?
84
What is the greatest common divisor of 4 and 16924?
4
Calculate the highest common divisor of 31 and 9.
1
What is the highest common factor of 5943 and 21?
21
What is the greatest common divisor of 464 and 1044?
116
Calculate the highest common divisor of 5561 and 83.
83
What is the highest common factor of 39 and 27937?
13
What is the highest common factor of 15 and 960?
15
What is the highest common divisor of 15 and 170?
5
Calculate the greatest common factor of 489 and 15485.
163
Calculate the greatest common divisor of 2681 and 28.
7
Calculate the highest common divisor of 88 and 104.
8
What is the highest common factor of 2139 and 93?
93
What is the greatest common factor of 22 and 32?
2
Calculate the highest common divisor of 4224 and 256.
128
What is the highest common divisor of 83 and 996?
83
What is the greatest common divisor of 62 and 4?
2
Calculate the greatest common factor of 304 and 133.
19
What is the highest common factor of 402 and 24?
6
What is the greatest common factor of 489 and 3?
3
Calculate the greatest common factor of 396 and 180.
36
What is the greatest common divisor of 13 and 247?
13
Calculate the greatest common factor of 60 and 840.
60
What is the greatest common factor of 15 and 1730?
5
Calculate the highest common factor of 18 and 5.
1
Calculate the greatest common factor of 180 and 7902.
18
Calculate the greatest common factor of 102 and 1020.
102
Calculate the highest common factor of 15 and 1605.
15
What is the highest common factor of 98 and 84?
14
Calculate the greatest common factor of 8 and 74.
2
Calculate the highest common divisor of 4035 and 150.
15
Calculate the highest common divisor of 17 and 7.
1
Calculate the greatest common factor of 5 and 935.
5
What is the highest common factor of 158 and 246?
2
Calculate the greatest common factor of 435 and 120.
15
What is the highest common factor of 84 and 189?
21
Calculate the greatest common factor of 105 and 40.
5
Calculate the greatest common divisor of 20 and 4630.
10
What is the greatest common divisor of 23886 and 18?
18
What is the highest common factor of 270 and 15?
15
Calculate the greatest common factor of 1030 and 10.
10
Calculate the highest common divisor of 208 and 10296.
104
Calculate the greatest common factor of 575 and 2185.
115
What is the greatest common factor of 21 and 147?
21
What is the highest common divisor of 13 and 53?
1
Calculate the highest common divisor of 960 and 48.
48
What is the highest common factor of 63 and 861?
21
What is the highest common factor of 45 and 465?
15
What is the greatest common divisor of 42 and 98?
14
What is the highest common divisor of 22 and 1177?
11
Calculate the greatest common factor of 162 and 24138.
162
Calculate the highest common divisor of 98 and 182.
14
Calculate the highest common factor of 2424 and 84.
12
What is the highest common factor of 120 and 195?
15
What is the greatest common factor of 891 and 198?
99
What is the greatest common divisor of 297 and 66?
33
Calculate the greatest common factor of 53 and 53.
53
What is the greatest common divisor of 6862 and 94?
94
What is the highest common factor of 34 and 306?
34
Calculate the highest common divisor of 86324 and 28.
28
What is the highest common divisor of 115 and 4485?
115
Calculate the greatest common divisor of 508 and 6.
2
Calculate the highest common divisor of 395 and 5.
5
Calculate the highest common factor of 34 and 1054.
34
Calculate the greatest common divisor of 2178 and 36.
18
Calculate the greatest common divisor of 32 and 5832.
8
Calculate the highest common divisor of 805 and 69.
23
What is the highest common factor of 124 and 12?
4
What is the highest common divisor of 32 and 3104?
32
What is the greatest common factor of 42 and 378?
42
What is the greatest common factor of 1376 and 258?
86
Calculate the highest common factor of 104 and 9256.
104
Calculate the highest common factor of 60 and 40.
20
What is the greatest common factor of 91 and 26?
13
Calculate the greatest common factor of 4592 and 168.
56
Calculate the greatest common factor of 247 and 190.
19
Calculate the highest common factor of 3003 and 572.
143
What is the greatest common factor of 36 and 2364?
12
Calculate the highest common factor of 160 and 164.
4
Calculate the greatest common divisor of 1328 and 80.
16
What is the greatest common factor of 31 and 20491?
31
What is the highest common divisor of 133 and 190?
19
Calculate the greatest common factor of 36 and 456.
12
What is the greatest comm